late the remainder when 19 is divided by v.
5
Suppose 3*x + 0 = 27. Let g be 2/2 + 4/2. Suppose u + 3*u - 2*k - 6 = 0, g*u - 17 = -k. Calculate the remainder when x is divided by u.
1
Let h(r) = r + 25. Let i(g) = -5*g + 1. Calculate the remainder when i(-7) is divided by h(-12).
10
Calculate the remainder when 118 + (-1)/(-5 - (-1 - 3)) is divided by 21.
14
Let d be 403/143 - (-1 + 9/11). Suppose -131 = -3*q - 2*m, 2*q - 4*m + d*m = 99. Calculate the remainder when q is divided by 17.
13
Let q = 48 - 39. Let j(k) = k**3 + 5*k**2 - 6. Let w be j(-4). Suppose 7 = t - w. What is the remainder when t is divided by q?
8
Suppose 13*m - 197 = 206. Calculate the remainder when 928 is divided by m.
29
Let d(o) = 13*o**2 + 3*o + 2. Suppose 0 = -2*s + 4*s - 2*c + 12, 25 = -5*s + 4*c. Calculate the remainder when 22 is divided by d(s).
10
Suppose -5*o + 4*t = -238 + 71, 2*t - 74 = -2*o. Calculate the remainder when o is divided by 9.
8
Let g = -162 - -219. Calculate the remainder when 227 is divided by g.
56
Suppose 0 = a + 2*a + 4*c - 249, -a + 3*c = -70. Suppose 0 = -50*g + 1323 - 323. What is the remainder when a is divided by g?
19
Suppose 87 = t + 3*d, t + 42 = -2*d + 128. What is the remainder when 163 is divided by t?
79
Let r(v) = -20*v**3 - v**2 - v - 1. Let w = -23 - -22. Calculate the remainder when 75 is divided by r(w).
18
Suppose 3*f - 144 = -3*g, 3*g + f = g + 94. What is the remainder when g is divided by 14?
4
Calculate the remainder when 318 is divided by 6/(-20) + 51856/1120.
42
What is the remainder when ((-8)/(-16))/(-2*(-1)/364) is divided by 19?
15
Let t(m) = 1069 - 1069 - 154*m. What is the remainder when t(-1) is divided by 31?
30
Let z(b) = 14 - 3*b**3 - 11*b**2 - 5*b**3 + 7*b**3 - 9*b. What is the remainder when 43 is divided by z(-10)?
3
Let z = 4985 - 4980. Let u be (-92)/(-10) + 1/(-5). Suppose r + u = 22. What is the remainder when r is divided by z?
3
Suppose -5*w = 3*p + 8, -p - p = -5*w - 28. Calculate the remainder when 7 is divided by p.
3
Let t = -18 + 25. Let v(j) = -j + 49. Suppose 0*x + 246 = 3*x. Calculate the remainder when x is divided by v(t).
40
Let g = 182 - 89. Calculate the remainder when g is divided by 76/6*(-27)/(-18).
17
Let t(k) = -k**2 - 23*k + 169. Calculate the remainder when 41 is divided by t(-28).
12
Let d = 12 - 8. Suppose -2*j = d*o - 56, 3*j = 6*j - 4*o - 54. Let n = -82 - -90. Calculate the remainder when j is divided by n.
6
Let b be (-1)/(-2) + 45/18. Suppose 2*g = -b*g - 85. Let p = 35 + g. Calculate the remainder when 50 is divided by p.
14
Suppose -4*g - 23*t + 135 = -20*t, 5*g - t = 164. Calculate the remainder when g is divided by 24.
9
Suppose -5*a + 418 + 197 = -p, -107 = -a - 3*p. Calculate the remainder when a is divided by 18.
14
Let i = -294 + 299. Let y(w) = -3*w - 1. What is the remainder when y(-4) is divided by i?
1
Suppose 2*k = -3*n + 33, -3 = 11*n - 14*n. Calculate the remainder when 55 is divided by k.
10
Let w be ((-213)/9 - -6) + 1/(-3). Let g(j) = j**3 + 18*j**2 - 4*j - 21. Calculate the remainder when g(w) is divided by 28.
23
Suppose -10*c + 63 = -7*c. Suppose 2*o - 3*j - 27 = 14, j + c = o. Let w = 32 + o. What is the remainder when w is divided by 28?
26
Let z = -39 + 87. Calculate the remainder when 142 is divided by z.
46
Suppose -4*u - 18 = -306. Let x(r) = u*r + 1 + 38*r - 35*r + 1. Calculate the remainder when x(1) is divided by 16.
13
Suppose -3*w + 11 = 2. Suppose w*m = 5*m - 4. Suppose m*l - 9 - 28 = j, l - 3*j - 6 = 0. What is the remainder when l is divided by 8?
5
Let z = 67 + -65. Suppose -3*u - u - 4*y = -208, 0 = -4*u - z*y + 218. Calculate the remainder when u is divided by 31.
26
Suppose 16*n - 817 = 287. What is the remainder when 129 is divided by n?
60
Suppose 416 = 9*o + 119. What is the remainder when o is divided by -3 - -1*(23 - 0)?
13
Let u be 15/2 - 3/(-6). Let w be u/(-2)*(-43)/2. Suppose g + 5*h = -g + 86, h - w = -2*g. What is the remainder when g is divided by 11?
10
Let w(m) = -m**2 - 24*m + 33. What is the remainder when w(-22) is divided by (((-160)/(-25))/(-4))/(3/(-15))?
5
Suppose -2*l - 3*j + 84 = 0, -5*j - 4 = 6. Suppose 2*p + 4*g = 2, 0*g = 5*p - 4*g - 47. Suppose 0 = q - 5 - p. Calculate the remainder when l is divided by q.
9
Suppose -3 = z - 6, 4*w - 2*z = 86. What is the remainder when 34 is divided by w?
11
Let g be 15/(-25)*(-1 - 9). Let c = -6 + g. What is the remainder when 39 is divided by -2 + (c - (-36)/3)?
9
Suppose g - 55 = -2*i, 0*i - 210 = -5*g + 3*i. What is the remainder when g is divided by 17?
11
Suppose -6*f + 12 = -12*f. Calculate the remainder when 35 is divided by 21/((f/7)/((-4)/14)).
14
Let t(d) = 4*d**2 + 22*d + 16. What is the remainder when t(-12) is divided by 30?
28
Let y(h) = 2*h**2 - 10*h + 18. Let r be y(7). Suppose -r = -t + 24. What is the remainder when t is divided by 18?
16
Suppose -5*o = -3*l + 137, 0 = -5*l + l - 2*o + 174. Let d = l - -94. What is the remainder when d is divided by 28?
26
Let o(x) = x**2 - 8*x + 1. What is the remainder when 28/(-12)*2*360/(-28) is divided by o(10)?
18
Suppose 824 = 19*v + 216. Calculate the remainder when 58 is divided by v.
26
Let h(l) = 53*l**2 - 26*l**2 + 8 - 25*l**2 + 10*l. Calculate the remainder when h(6) is divided by 36.
32
Suppose -5 = l, 3*u - 4*u - 5*l - 21 = 0. Let y = 3 - -5. What is the remainder when 46/y - 2/(-8) is divided by u?
2
Suppose 4*q = q - 3*y + 24, q + 17 = 4*y. Let t = -329 + 338. What is the remainder when t is divided by q?
0
Suppose -26 = -5*b + 74. Let p = -52 + 108. Let v = 2 + p. What is the remainder when v is divided by b?
18
Suppose 5*k - x - 119 = 0, -k = 8*x - 7*x - 19. Calculate the remainder when 2 - ((1 - 0) + -90) is divided by k.
22
Suppose 0 = 5*u - 3*k + 7*k - 39, -38 = -5*u - 3*k. Let c(p) = -5*p - 2. Let r be c(-2). Calculate the remainder when 12/(r/3 - 2) is divided by u.
4
Suppose 4*p - 3*p - 23 = 5*l, -5*p + 5*l = -95. Let r = -278 - -68. Calculate the remainder when r/(-3) - 1 - 0 is divided by p.
15
Let r = -130 + 175. What is the remainder when r is divided by 8?
5
Let b = -662 - -677. What is the remainder when 57 is divided by b?
12
Let b(x) = -x**3 - 12*x**2 - 7*x + 5. Let q be b(-11). What is the remainder when (-903)/q + 6/(-39) is divided by 15 - (2 - 4)/(-1)?
10
Suppose -9*o + 157 + 185 = 0. What is the remainder when o is divided by 14?
10
Let c(j) = 3*j + 12. Suppose -7*f + 145 - 5 = 0. Calculate the remainder when f is divided by c(-3).
2
Let o(p) = 3*p**2 - 9*p + 7. Suppose 14*a + 10*a = 768. Calculate the remainder when o(6) is divided by a.
29
Suppose -4*p + 5*g = 4*g - 2493, 2*g = 2*p - 1242. Calculate the remainder when p is divided by 19.
16
Let x be (-5)/(-20) - (-11)/4. Let g be -2*2 + (x - -5). Suppose -g*s = -6*s + 28. What is the remainder when 27 is divided by s?
13
Let a = 0 + 0. Let q(x) = x + 21. What is the remainder when q(a) is divided by 0 + (6/15 - 168/(-30))?
3
What is the remainder when -15*(1*3)/(5/(-3)) is divided by 14?
13
Let y(r) = -r**3 + 21*r**2 + 46*r + 29. Calculate the remainder when 1273 is divided by y(23).
26
Let c = 138 + -77. What is the remainder when c is divided by 54?
7
Let b(n) = n**3 + n**2 + 4. Let l be b(3). What is the remainder when l + 4/1 - -1 is divided by 12?
9
Let c(l) = 8*l - 35. Let a be c(13). Let y = a - 57. Let f(t) = t**2 - 2*t - 1. Calculate the remainder when f(-4) is divided by y.
11
Calculate the remainder when 85 is divided by (-2453)/(-77) + (-18)/21.
23
Suppose -2*g - 40 = 5*i, -23 = 4*g + 4*i + 81. Calculate the remainder when 19 is divided by (-2)/(-5) + (-228)/g.
3
What is the remainder when 13 is divided by (-2)/((2*(-5)/20)/2)?
5
Calculate the remainder when ((-6)/4)/(10 + (-3489)/348) is divided by 18.
4
Let f be (-2 - -37) + 0 + 3. Let h = -2 + f. What is the remainder when h is divided by 10?
6
Let l = 16 - 7. Let v(i) = -16*i + 33. Let p be v(4). Let k = 20 - p. What is the remainder when k is divided by l?
6
Let k = -2826 + 2850. What is the remainder when 150 is divided by k?
6
Suppose -2*b = 4*r - 16, r - 4*b + 8 = 3*r. Suppose -s - 5*y = -18, 5*s = 4*y - 0*y - 26. Let z = s + r. Calculate the remainder when z is divided by 2.
0
Let c(x) = -x**2 + 26*x - 97. Let b be c(22). Calculate the remainder when b - -6 